Let m(y) = -y**3 - 57*y**2 + 10111*y + 386. What is m(-133)?
-13
Let i(a) = a**2 + 5005*a - 45044. Calculate i(9).
82
Let v(o) = -5*o**3 + 294*o**2 + 763*o - 41548. What is v(59)?
-12
Let o(u) = -2*u**3 + 1452*u**2 - 28243*u + 2128. Calculate o(706).
10
Let p(i) = 58*i**3 + 413*i**2 + 43*i - 36. Calculate p(-7).
6
Let o(n) = 1176*n - 16640. What is o(14)?
-176
Let t(k) = k**2 - 1260*k - 16635. Calculate t(-13).
-86
Let q(h) = 4550*h + 81952. Calculate q(-18).
52
Let p(y) = 10*y**2 - 405*y + 3964. Give p(24).
4
Let c(y) = -6*y**2 + 783*y + 1140. Give c(132).
-48
Let v(s) = -13*s**2 - 101*s - 294. What is v(-3)?
-108
Let x(z) = z**2 - 1146*z - 72982. Give x(-61).
645
Let y(q) = 3801*q + 250686. What is y(-66)?
-180
Let j(t) = -3468*t - 72900. Determine j(-21).
-72
Let n(b) = 7*b**2 + 1283*b + 29796. Determine n(-156).
0
Let q(i) = i**2 + 3430*i - 198764. What is q(57)?
-5
Let v(n) = -4*n**2 + 18409*n + 277042. Give v(-15).
7
Let z(r) = 9*r**3 - 90*r**2 + 48*r - 21. Give z(9).
-318
Let g(d) = -d**2 - 34310*d + 5515200. Determine g(160).
0
Let r(v) = 79*v - 3192. Calculate r(36).
-348
Let u(y) = -y**3 - 61*y**2 - 157*y + 991. Calculate u(-58).
5
Let x(a) = 12*a**2 - 696*a - 638. Give x(59).
70
Let v(i) = 15*i**2 + 877*i + 1234. What is v(-57)?
-20
Let r(v) = v**2 - 29*v - 3736. Determine r(67).
-1190
Let q(d) = -d**3 - 14*d**2 + 230*d + 3819. Determine q(-16).
651
Let f(m) = m**3 + 42*m**2 - 570*m + 575. What is f(-53)?
-114
Let k(s) = -2*s**2 - 690*s - 45229. Give k(-88).
3
Let h(a) = -2*a**3 - 10*a**2 + 13*a + 117. Give h(-3).
42
Let f(r) = 13*r**2 + 320*r + 1973. Calculate f(-13).
10
Let i(c) = 2802*c - 44641. Calculate i(16).
191
Let v(j) = j**2 - 157*j + 1712. Calculate v(10).
242
Let u(f) = -f**3 + 8*f**2 - 7*f - 870. Give u(-7).
-86
Let z(x) = 28*x**3 + 20*x**2 + 126*x + 126. What is z(-1)?
-8
Let p(c) = -1066839*c - 5334205. Determine p(-5).
-10
Let k(f) = -1395*f**2 + 3859*f + 17. Calculate k(3).
-961
Let y(b) = -181*b - 17759. Give y(-99).
160
Let z(x) = -9*x**3 - 29*x**2 - 3*x + 5. Give z(-1).
-12
Let i(r) = 495*r - 104406. Calculate i(211).
39
Let y(a) = 11*a**3 - 1001*a**2 - 7*a + 632. What is y(91)?
-5
Let d(v) = -v**3 - 99*v**2 - 173*v - 7278. Determine d(-98).
72
Let q(m) = 2324*m - 385797. Calculate q(166).
-13
Let m(b) = 403*b - 87544. Calculate m(217).
-93
Let b(y) = -40880*y - 204419. What is b(-5)?
-19
Let z(o) = 5*o**2 + 361*o + 4362. What is z(-57)?
30
Let p(u) = -245*u - 42397. Calculate p(-173).
-12
Let j(k) = 80718*k - 1452875. Give j(18).
49
Let z(u) = 1062*u**3 + 2*u**2 - 600*u - 603. Calculate z(-1).
-1063
Let w(p) = -p**2 - 108*p + 33185. Give w(136).
1
Let w(n) = -2*n**3 - 115*n**2 - 58*n + 113. Determine w(-57).
170
Let d(y) = -40*y**2 - 363*y + 25. Give d(-11).
-822
Let s(v) = -17*v**2 + 273*v + 1321. Give s(-5).
-469
Let u(q) = q**3 + 142*q**2 - 436*q + 372. Give u(-145).
517
Let n(c) = 112372*c - 3820622. Give n(34).
26
Let p(s) = 46*s**2 - 1092*s - 183. Calculate p(20).
-3623
Let a(w) = -11031*w + 871454. Calculate a(79).
5
Let l(y) = 7*y**2 - 1074*y + 7158. What is l(7)?
-17
Let h(k) = -6*k**3 - 347*k**2 - 288*k - 156. Calculate h(-57).
15
Let o(s) = 342*s + 718. Give o(-5).
-992
Let q(x) = -2*x**2 + 344*x - 15780. Determine q(112).
-2340
Let l(i) = i**2 + 250*i + 10213. Determine l(-197).
-228
Let s(n) = -4*n**2 + 2170*n - 246572. What is s(162)?
-8
Let b(r) = -70531*r + 493667. What is b(7)?
-50
Let j(x) = -214482*x - 1501349. What is j(-7)?
25
Let g(v) = 1456*v - 64953. Give g(47).
3479
Let i(c) = c**2 + 1878*c + 136940. Give i(-76).
-12
Let u(c) = -19*c**2 + 979*c - 4913. What is u(5)?
-493
Let w(i) = -3378126*i - 54050011. What is w(-16)?
5
Let x(c) = 15*c**2 - 925*c + 4240. What is x(5)?
-10
Let c(k) = -4*k**3 + 44*k**2 - 283*k + 979. Give c(6).
1
Let g(z) = -24*z**3 + 1922*z**2 - 172*z + 1589. Determine g(80).
629
Let q(n) = -20*n**3 - 1020*n**2 - 179*n - 9127. What is q(-51)?
2
Let x(k) = 256*k - 3965. Calculate x(18).
643
Let o(j) = 371*j**2 - 12*j - 10. Calculate o(-1).
373
Let w(s) = -3*s**2 + 854*s - 39773. Calculate w(226).
3
Let g(h) = -1125*h - 3253. What is g(-3)?
122
Let y(p) = -5*p**2 + 83*p - 514. Calculate y(7).
-178
Let k(j) = -6350*j + 590945. What is k(93)?
395
Let m(h) = -7*h**3 - 178*h**2 - 57*h - 63. Determine m(-25).
-513
Let u(p) = -107826*p - 107826. What is u(-1)?
0
Let a(g) = -124*g**3 + 1612*g**2 - 115*g + 1487. Determine a(13).
-8
Let c(j) = -133*j - 5740. Give c(-44).
112
Let b(j) = 20*j**2 + 11980*j + 11932. What is b(-598)?
-28
Let i(b) = -b**3 - 99*b**2 + 2519*b - 374. Determine i(-120).
-254
Let u(l) = l**3 - 77*l**2 + 1227*l + 346. Give u(23).
1
Let i(h) = 11*h**3 - 69*h**2 - 111*h + 771. What is i(6)?
-3
Let l(r) = -r**2 - 86*r + 2762. Give l(-77).
3455
Let m(r) = 5*r**3 - 20*r**2 - 940*r + 6400. What is m(7)?
555
Let d(t) = -2*t**2 + 170*t - 2629. Determine d(64).
59
Let c(o) = -o**2 + 60*o - 124. Determine c(5).
151
Let a(m) = 34509*m + 17910177. What is a(-519)?
6
Let s(k) = -7*k**3 - 29*k**2 - 139*k - 880. Give s(-5).
-35
Let s(v) = -130*v**2 - 71*v - 181. Calculate s(-4).
-1977
Let v(h) = -1320*h + 19901. Determine v(15).
101
Let s(u) = u**2 - 462*u + 29918. Calculate s(78).
-34
Let o(d) = -15672*d + 2413491. Determine o(154).
3
Let h(w) = 2*w**3 - 36*w**2 + 200*w - 373. What is h(10)?
27
Let k(s) = 225*s**2 + 3159*s - 205. Give k(-14).
-331
Let k(b) = -4*b**2 - 462*b + 3626. What is k(-123)?
-64
Let a(u) = u**3 + 159*u**2 + 5127*u - 345. Give a(-114).
-3
Let h(j) = -j**3 + 21*j**2 + 525*j - 12264. Determine h(26).
-1994
Let c(s) = -497*s**2 + 17395*s - 14. Calculate c(35).
-14
Let p(j) = 12*j**3 - 157*j**2 + 656*j - 8351. Give p(13).
8
Let w(y) = -45256*y - 181032. Calculate w(-4).
-8
Let j(l) = 2*l**3 + 148*l**2 - 6782*l + 215. What is j(-106)?
3
Let n(r) = 755*r**2 - 338*r + 331. Calculate n(1).
748
Let g(m) = 1569*m - 12419. What is g(10)?
3271
Let n(p) = -p**3 - 1066*p**2 + 2247*p + 1259064. What is n(-1067)?
4
Let g(p) = -p**3 - 70*p**2 + 64*p - 591. Determine g(-71).
-94
Let x(c) = 3*c**3 - 41*c**2 - 3*c - 45. Give x(14).
109
Let o(f) = 10308*f - 5318926. What is o(516)?
2
Let g(r) = -1986*r + 6024. What is g(3)?
66
Let z(k) = k**3 - 11*k**2 + 2204*k - 21951. Calculate z(10).
-11
Let i(o) = 7*o**3 + 161*o**2 - 293*o - 60. Determine i(2).
54
Let s(p) = -2003*p + 3116. Determine s(2).
-890
Let v(m) = -m**2 - 146*m + 214888. Give v(396).
256
Let y(n) = -2*n**3 + 175*n**2 - 3799*n - 41. Determine y(40).
-1
Let d(p) = p**2 + 864*p + 17684. Give d(-21).
-19
Let q(c) = -28*c + 2431. Give q(84).
79
Let n(g) = 3*g**2 - 409*g + 2468. Give n(129).
-370
Let c(b) = -93*b**2 - 6083*b + 23043. Calculate c(-69).
-3
Let c(a) = -a**3 - 33*a**2 - 19*a - 3081. Determine c(0).
-3081
Let o(p) = 2*p**3 - 21*p**2 - 108*p + 15. Calculate o(14).
-125
Let o(x) = -2843*x + 324095. Calculate o(114).
-7
Let c(q) = -9*q**2 - 139202*q + 974835. Calculate c(7).
-20
Let o(g) = 977*g + 11703. Give o(-12).
-21
Let a(u) = u**3 - 10*u**2 - 202*u + 1416. Determine a(7).
-145
Let f(s) = s**2 + 43*s + 18. Determine f(-31).
-354
Let o(i) = -2174*i + 210889. Calculate o(97).
11
Let p(g) = -314*g + 73945. Give p(243).
-2357
Let o(w) = 167*w + 17457. Give o(-105).
-78
Let m(y) = 936*y**2 - 13893*y - 2210. Determine m(15).
-5
Let l(c) = 13*c**3 - 78*c**2 - 470*c + 2822. Calculate l(6).
2
Let d(j) = 23*j**3 - 376*j**2 + 87*j + 569. What is d(16)?
-87
Let z(c) = 25*c**2 - 4850*c + 592. Give z(194).
592
Let v(t) = t**3 - 188*t**2 + 1099*t + 132. Give v(182).
1406
Let f(s) = -s**2 + 204*s + 6879. Calculate f(234).
-141
Let h(x) = x**3 + 31*x**2 + 12466*x + 73896. Determine h(-6).
0
Let k(q) = -118*q**2 + 76336*q + 6110. Give k(647).
-360
Let g(q) = 1158*q**3 + 9263*q**2 - 21*q + 45. What is g(-8)?
149
Let b(p) = 5*p**3 + 48*p**2 - 24*p + 52. Determine b(-10).
92
Let h(z) = z**3 - 13687*z**2 - 150674*z + 45. What is h(-11)?
1
Let y(a) = 73*a - 5711. Calculate y(55).
-1696
Let g(r) = 4*r**2 + 443*r + 342. Determine g(-111).
453
Let l(v) = -v**3 + 69*v**2 - 30*v - 2276. Determine l(68).
308
Let j(v) = -3*v**2 + 138*v - 1231. What is j(12)?
-7
Let d(a) = 3300*a + 28035. Determine d(-8).
1635
Let h(d) = -d**3 - 107*d**2 + 4620*d + 12. Determine h(33).
12
Let y(g) = g**2 - 5519*g - 94195. What is y(-17)?
-83
L